ivided by 59.
58
Calculate the remainder when 1059 is divided by 53.
52
What is the remainder when 1032 is divided by 13?
5
Calculate the remainder when 500 is divided by 44.
16
What is the remainder when 1684 is divided by 336?
4
Calculate the remainder when 65 is divided by 7.
2
What is the remainder when 477 is divided by 50?
27
Calculate the remainder when 374 is divided by 127.
120
Calculate the remainder when 44 is divided by 29.
15
Calculate the remainder when 614 is divided by 15.
14
Calculate the remainder when 2043 is divided by 146.
145
Calculate the remainder when 557 is divided by 70.
67
Calculate the remainder when 632 is divided by 311.
10
Calculate the remainder when 541 is divided by 139.
124
What is the remainder when 236 is divided by 119?
117
Calculate the remainder when 9456 is divided by 150.
6
Calculate the remainder when 228 is divided by 63.
39
Calculate the remainder when 3258 is divided by 5.
3
Calculate the remainder when 423 is divided by 53.
52
What is the remainder when 624 is divided by 62?
4
What is the remainder when 111 is divided by 88?
23
What is the remainder when 21551 is divided by 48?
47
Calculate the remainder when 49 is divided by 28.
21
What is the remainder when 528 is divided by 19?
15
What is the remainder when 138 is divided by 35?
33
What is the remainder when 109 is divided by 38?
33
What is the remainder when 7041 is divided by 98?
83
Calculate the remainder when 1528 is divided by 85.
83
Calculate the remainder when 8507 is divided by 127.
125
What is the remainder when 2901 is divided by 88?
85
What is the remainder when 3906 is divided by 28?
14
What is the remainder when 272 is divided by 22?
8
What is the remainder when 630 is divided by 125?
5
Calculate the remainder when 2138 is divided by 306.
302
Calculate the remainder when 1302 is divided by 427.
21
Calculate the remainder when 1489 is divided by 11.
4
Calculate the remainder when 1693 is divided by 239.
20
What is the remainder when 874 is divided by 20?
14
What is the remainder when 623 is divided by 16?
15
Calculate the remainder when 314 is divided by 105.
104
Calculate the remainder when 1700 is divided by 70.
20
What is the remainder when 1680 is divided by 1649?
31
Calculate the remainder when 89 is divided by 20.
9
What is the remainder when 337 is divided by 169?
168
What is the remainder when 1934 is divided by 481?
10
What is the remainder when 135 is divided by 35?
30
Calculate the remainder when 356 is divided by 45.
41
What is the remainder when 80 is divided by 42?
38
Calculate the remainder when 111 is divided by 14.
13
What is the remainder when 910 is divided by 54?
46
Calculate the remainder when 172 is divided by 29.
27
What is the remainder when 1872 is divided by 33?
24
Calculate the remainder when 6359 is divided by 1059.
5
What is the remainder when 1824 is divided by 47?
38
Calculate the remainder when 791 is divided by 33.
32
Calculate the remainder when 264 is divided by 126.
12
Calculate the remainder when 946 is divided by 192.
178
What is the remainder when 2654 is divided by 191?
171
What is the remainder when 3382 is divided by 17?
16
What is the remainder when 1563 is divided by 105?
93
Calculate the remainder when 3469 is divided by 41.
25
Calculate the remainder when 2118 is divided by 17.
10
What is the remainder when 199 is divided by 34?
29
Calculate the remainder when 140 is divided by 29.
24
What is the remainder when 1605 is divided by 789?
27
Calculate the remainder when 560 is divided by 144.
128
What is the remainder when 78 is divided by 30?
18
What is the remainder when 1597 is divided by 193?
53
Calculate the remainder when 2227 is divided by 22.
5
Calculate the remainder when 2451 is divided by 30.
21
Calculate the remainder when 145 is divided by 8.
1
What is the remainder when 2922 is divided by 89?
74
What is the remainder when 7036 is divided by 110?
106
What is the remainder when 1145 is divided by 7?
4
What is the remainder when 545 is divided by 61?
57
Calculate the remainder when 28 is divided by 12.
4
Calculate the remainder when 432 is divided by 140.
12
What is the remainder when 523 is divided by 54?
37
What is the remainder when 209 is divided by 47?
21
What is the remainder when 666 is divided by 331?
4
What is the remainder when 324 is divided by 298?
26
What is the remainder when 688 is divided by 15?
13
Calculate the remainder when 534 is divided by 243.
48
What is the remainder when 525 is divided by 18?
3
Calculate the remainder when 235 is divided by 66.
37
What is the remainder when 410 is divided by 18?
14
What is the remainder when 2689 is divided by 5?
4
Calculate the remainder when 1082 is divided by 538.
6
What is the remainder when 3517 is divided by 51?
49
What is the remainder when 288 is divided by 89?
21
What is the remainder when 449 is divided by 55?
9
What is the remainder when 779 is divided by 271?
237
What is the remainder when 189 is divided by 45?
9
Calculate the remainder when 151 is divided by 32.
23
What is the remainder when 71 is divided by 14?
1
Calculate the remainder when 775 is divided by 262.
251
What is the remainder when 697 is divided by 88?
81
What is the remainder when 1435 is divided by 90?
85
What is the remainder when 194 is divided by 26?
12
Calculate the remainder when 494 is divided by 147.
53
What is the remainder when 569 is divided by 10?
9
What is the remainder when 143 is divided by 33?
11
What is the remainder when 139 is divided by 7?
6
Calculate the remainder when 1332 is divided by 433.
33
What is the remainder when 1299 is divided by 62?
59
What is the remainder when 145 is divided by 84?
61
What is the remainder when 77 is divided by 72?
5
Calculate the remainder when 291 is divided by 44.
27
Calculate the remainder when 75 is divided by 4.
3
Calculate the remainder when 727 is divided by 24.
7
What is the remainder when 9602 is divided by 18?
8
Calculate the remainder when 233 is divided by 9.
8
What is the remainder when 1391 is divided by 93?
89
Calculate the remainder when 150 is divided by 20.
10
Calculate the remainder when 302 is divided by 4.
2
Calculate the remainder when 1336 is divided by 1328.
8
What is the remainder when 419 is divided by 70?
69
What is the remainder when 158 is divided by 80?
78
What is the remainder when 503 is divided by 63?
62
What is the remainder when 734 is divided by 41?
37
What is the remainder when 2059 is divided by 10?
9
What is the remainder when 1138 is divided by 190?
188
Calculate the remainder when 1233 is divided by 403.
24
Calculate the remainder when 734 is divided by 351.
32
Calculate the remainder when 8286 is divided by 27.
24
Calculate the remainder when 69 is divided by 26.
17
Calculate the remainder when 66 is divided by 25.
16
Calculate the remainder when 2594 is divided by 162.
2
Calculate the remainder when 538 is divided by 115.
78
Calculate the remainder when 11420 is divided by 21.
17
Calculate the remainder when 538 is divided by 292.
246
What is the remainder when 1538 is divided by 441?
215
What is the remainder when 1105 is divided by 357?
34
Calculate the remainder when 334 is divided by 112.
110
What is the remainder when 54 is divided by 52?
2
Calculate the remainder when 1173 is divided by 28.
25
Calculate the remainder when 1987 is divided by 222.
211
What is the remainder when 114 is divided by 33?
15
What is the remainder when 105 is divided by 27?
24
What is the remainder when 242 is divided by 54?
26
Calculate the remainder when 192 is divided by 65.
62
Calculate the remainder when 1034 is divided by 48.
26
What is the remainder when 195 is divided by 166?
29
Calculate the remainder when 66 is divided by 25.
16
Calculate the remainder when 1819 is divided by 21.
13
Calculate the remainder when 97 is divided by 76.
21
What is the remainder when 296 is divided by 31?
17
Calculate the remainder when 5358 is divided by 23.
22
What is the remainder when 16 is divided by 7?
2
What is the remainder when 4509 is divided by 96?
93
Calculate the remainder when 3569 is divided by 94.
91
Calculate the remainder when 80 is divided by 3.
2
Calculate the remainder when 1468 is divided by 210.
208
Calculate the remainder when 284 is divided by 136.
12
W